be the third derivative of -j**6/120 + j**5/15 - j**4/24 + 7*j**3/6 - 5*j**2. Let l be f(4). What is the tens digit of (-792)/(-40) + l/15?
2
Let u(c) = -5*c + 7 + 4*c + 0 + 0*c. Let x be u(3). Suppose -3*s - 3*d + 327 = 0, 513 = s + x*s - 3*d. What is the units digit of s?
5
What is the ten thousands digit of (-12377 + 10)*(2 + -3)?
1
Suppose 3*t = 2*u - 14, -t + u = -0*t + 3. Let o = 20 + t. Suppose 2*l + o*l = 1820. What is the tens digit of l?
3
Let g(z) = -177*z + 998. What is the hundreds digit of g(-40)?
0
Let w = -2304 - -3385. Let u = w - 538. What is the hundreds digit of u?
5
Let t = 27373 + -19326. What is the units digit of t?
7
Suppose 72*n = 127*n - 12485. Let b be ((-176)/(-6))/((-2)/9). Let r = b + n. What is the units digit of r?
5
Suppose -2*x - 4*w = -2424, x + 0*w = 5*w + 1254. What is the units digit of x?
4
What is the tens digit of 605982/42 + 1*(-7)/49?
2
Let z(x) = -x**2 + 123*x - 412. What is the hundreds digit of z(58)?
3
Let f be (3 - 2)*(-11 - (-13 - -8)). What is the units digit of 1052 + f + 3 + 0?
9
Suppose 3*w - 2*i + 3 + 28 = 0, 0 = -4*w - 2*i - 32. What is the tens digit of -1*(w/(-3) - 174)?
7
Let n = -16 + 21. Suppose 0 = n*y - 3*j - 470, 25 = 4*j + j. Let k = -23 + y. What is the units digit of k?
4
Let a = -77 - -81. Suppose a*b + h = 14, -3*b - 5 + 4 = -5*h. Suppose b*f - 74 + 35 = 0. What is the units digit of f?
3
Let r = -742 + 1291. What is the hundreds digit of r?
5
Let j = 380 + -377. Suppose -5*x + 2*q + 2279 = 128, -5*x = -j*q - 2154. What is the hundreds digit of x?
4
Let d be 46/(-6) + (-6)/(-9). Let o(u) = 15*u**2 - 112*u - 47. Let q(a) = -8*a**2 + 63*a + 24. Let m(y) = 4*o(y) + 7*q(y). What is the tens digit of m(d)?
2
Suppose 0 = 46*a + 1422 - 30632. What is the units digit of a?
5
Suppose -11955 + 2715 = -6*k. Suppose 32*s - 10*s = k. What is the units digit of s?
0
Let h(o) = -o**2 - 19*o - 82. Let i be h(-9). Suppose -21*f = -i*f - 3731. What is the tens digit of f?
8
Let k(c) = -c**3 + 38*c**2 + 13*c + 167. What is the tens digit of k(38)?
6
Let o(p) = 18*p**2 + 3. Let r be 6/((-3)/((-18)/12)). What is the tens digit of o(r)?
6
Suppose -53*o - 287140 = -81*o. What is the units digit of o?
5
Let g be 14/8*(-15 - (-23 + 4)). Suppose g*a - 1746 = 669. What is the units digit of a?
5
Let l be (-337)/(7/(-7)*-1). What is the hundreds digit of 0 - (-1 + l + 0)?
3
Let l = 221 - 321. Let r(d) = -d**3 + d**2 + 27*d + 20. Let f be r(-7). Let p = f + l. What is the hundreds digit of p?
1
Let d be 165/(-3) - (2 + 2). Let a = 47 + d. Let t(c) = c**2 + 10*c - 22. What is the units digit of t(a)?
2
Suppose 54*n - 4760 = 47*n. Suppose n + 245 = 5*m. What is the units digit of m?
5
What is the thousands digit of 4853100/116 + 4*2/(-116)?
1
Suppose -4*o - 932 = -2852. Suppose 5*j - o = -j. Suppose 0 = -0*k - 2*k + 4*r + j, 2*k = -r + 65. What is the tens digit of k?
3
Let q(y) = 4*y**2 + 8*y - 1. Let s(v) = 4*v**2 + 9*v - 1. Let h(o) = 4*q(o) - 3*s(o). Let x be (-14 - (0 - 9)) + (-12)/4. What is the hundreds digit of h(x)?
2
Let a = -78 + 83. Let s(v) = 528*v - 3. Let f be s(1). Suppose d = -3*c + 379 - 64, f = a*c + d. What is the hundreds digit of c?
1
Suppose -84*x + 83*x = -3*h + 7897, 4*h = 2*x + 10532. What is the hundreds digit of h?
6
Let g = 385 - 369. Let f = 127 + g. What is the hundreds digit of f?
1
Let c = 20 - 11. Suppose 5*l + 29 = -v + c, 8 = -v - l. What is the tens digit of (-8)/10 + (-329)/v?
6
Let t = -3801 - -537. What is the hundreds digit of -5*(-2 - t/(-30))?
5
Suppose 0 = -3*r + 2*w + 2772, 5*r - 6280 = w - 1660. Suppose -x = -2*b - 372 + 2220, -b + r = 3*x. What is the tens digit of b?
2
Let c(g) = 3*g + 115. Let t be c(-37). Suppose 1738 = 2*f - 5*d + d, -t = 4*d. What is the hundreds digit of f?
8
Let q(v) = 14*v - 332. Let s be q(24). Suppose 8*r - s*c = 3*r + 8953, r - 3*c - 1795 = 0. What is the units digit of r?
9
Suppose -4*p - 3*i + 5227 = 0, -3*p - 3*i - 1318 = -4*p. Let q = -784 + p. What is the tens digit of q?
2
Suppose 5*r - 1124 = r. Suppose -1325 = -4*o + t, -2*t = -o + 59 + r. What is the tens digit of o?
3
Suppose 74*a - 304257 + 55169 = 49280. What is the tens digit of a?
3
Let s = 34 + -69. Let q = s - -3. What is the units digit of 4/8*q/10*-5?
8
Let o be 3/1 + 16/(-8). Let q be (-1284)/4*o + -3. Let a = -213 - q. What is the hundreds digit of a?
1
Suppose 2*h - 154 = 5*x, 8*x = 3*h + 5*x - 222. What is the units digit of (48/h)/(1/690)?
0
Let g be (-4)/2*(5 + 0). Suppose -3*w + 20*k = 17*k + 381, 5*w + 651 = -3*k. Let t = g - w. What is the tens digit of t?
1
Let t = -2376 - -7416. What is the tens digit of t?
4
Let c be (9/3)/(-3)*(136 - -6). Let w = c + 68. Let z = 150 + w. What is the tens digit of z?
7
Let k(i) = -3*i - 23. Let l(s) = -12*s - 70. Let g(w) = -10*k(w) + 3*l(w). What is the units digit of g(-8)?
8
Let m be (-39)/(-10) - (-36)/360. What is the units digit of (-1 - 942)*(-12)/48*m?
3
Suppose 0 = -u - 71 + 243. Suppose q = 5*q + 4*s - u, s - 211 = -5*q. What is the units digit of q?
2
What is the thousands digit of (-7)/((-147)/50050) + (-32)/(-12)?
2
Let i be (-4 - (324 - 2))/(-1). Let n = 605 + i. What is the tens digit of n?
3
Let z(l) = -2*l - 48. Let r be z(0). Suppose -17*q + 6 = -1167. Let j = q + r. What is the units digit of j?
1
What is the thousands digit of 986/(-17*10/(-1785))?
0
Suppose 3*l = -y + 138, -3*l = l + y - 185. Suppose s = -1, -29 = -3*m + 2*s + 69. Let t = l - m. What is the tens digit of t?
1
Let b = 900 - -281. Let r = b - 842. What is the tens digit of r?
3
What is the thousands digit of (-40 - -89)/((-4)/(-1212))?
4
Let f = 48624 - 33073. What is the units digit of f?
1
Let g = 26 + -26. Let y be g/(-3 + 7 + -3). Let m(f) = -f + 42. What is the units digit of m(y)?
2
Let s = -15 - -51. Let i be 30*-1*7/(-3). Suppose -4*c + v = -s, -18 = 5*c - 3*v - i. What is the units digit of c?
8
Let l(y) = 2*y**3 - 17*y**2 + 13*y - 41. What is the hundreds digit of l(20)?
4
Let w(c) = -5*c**2 + 496*c + 402. Let f be w(100). Let q be 178/14 + (-2)/(-7). What is the tens digit of (q/4*f)/((-2)/(-44))?
4
Let i(x) = 2*x**2 - 10*x - 15. Let j be i(-11). Suppose -178 = -5*a + j. Let p = a - 47. What is the tens digit of p?
5
Suppose 132*a - 131*a = 3*n + 26476, 0 = -4*a + 5*n + 105953. What is the tens digit of a?
9
Let m be (-1 - -1*1)*(-38)/(-76). Suppose m*z = 4*z - 2*n - 950, -n = 5*z - 1205. Suppose -z = -6*p - 4*p. What is the tens digit of p?
2
Suppose 15*q = -0*q + 120. Suppose -3*u = q*u - 5456. What is the tens digit of u?
9
Let b(q) = -q + 19. Let s be (-140)/(-40)*(1 - -1). Let t be b(s). Let h = 65 + t. What is the units digit of h?
7
Suppose -2*y = -7*y - 20, 5*y + 146 = -2*h. Let u = -29 - h. Suppose -8 = -b + 4*t, -3*b + b - t = -u. What is the tens digit of b?
1
Let l = 73 - 181. Let x = -89 - l. Suppose -20*g + x*g = -137. What is the units digit of g?
7
What is the hundreds digit of (-76)/(-38) - (-3927 - 1)?
9
Suppose 24*r - 144997 - 1360 = 302515. What is the ten thousands digit of r?
1
Let o = 1910 + -2740. Let y = 1193 + o. What is the tens digit of y?
6
Suppose 0 = 5*j + 3*v - 163549, -j + 32665 = 52*v - 57*v. What is the units digit of j?
5
Let c be 5 + (-1 - -2)*418. Let g = c - 102. What is the tens digit of g?
2
Let s(a) = 87*a**2 + a - 1. Let t be s(1). Suppose t - 995 = -4*m. Suppose -m - 37 = -3*o. What is the tens digit of o?
8
Let q(l) = l**3 + 20*l**2 - 2*l - 32. Let z be q(-20). Suppose -z*w = -3182 + 38. What is the units digit of w?
3
Suppose 79*b - 84*b + 100 = 0. Let d(y) = b*y**2 - 4 - 3*y + 6*y**2 - 17*y**2. What is the units digit of d(-4)?
2
Let y(v) = -v**2 - 4*v + 20. Let c be y(-5). Let p(n) = -18*n**2 + c*n**2 + 45*n**2. What is the units digit of p(-1)?
2
Let o(d) = -8*d + 42. Let i be o(5). Suppose -12*g - 1177 = -14*g + 5*n, 2*g + i*n = 1184. What is the hundreds digit of g?
5
What is the ten thousands digit of 13384/7*1484/224?
1
Suppose -8*l - 42225 = -11*l + 2*s, 12 = -4*s. What is the hundreds digit of l?
0
Suppose 4*r = 3*w - 24937, -47*w + 48*w = 2*r + 8311. What is the hundreds digit of w?
3
Let u be (438/(-9))/((-10)/15). Suppose -4*w = -83 - 201. Let d = u - w. What is the units digit of d?
2
Let a = 307 + -335. What is the tens digit of 338 + (-7)/(a/(-20))?
3
Suppose